{"id":307,"date":"2024-03-06T12:50:47","date_gmt":"2024-03-06T11:50:47","guid":{"rendered":"https:\/\/griale.dfelg.ua.es\/cihv2024\/?page_id=307"},"modified":"2024-03-06T13:16:40","modified_gmt":"2024-03-06T12:16:40","slug":"beatrice-priego-valverde-es","status":"publish","type":"page","link":"https:\/\/griale.dfelg.ua.es\/cihv2024\/beatrice-priego-valverde-es\/","title":{"rendered":"B\u00e9atrice Priego-Valverde"},"content":{"rendered":"<p><strong>B\u00e9atrice Priego-Valverde<\/strong><\/p>\n<p><strong>T\u00edtulo:<\/strong> The role of smile in negotiating failed conversational humor<\/p>\n<p><strong>Biodata:<\/strong> B\u00e9atrice Priego-Valverde is Associate Professor at Aix-Marseille Universit\u00e9, Aix-en-Provence, France and Laboratoire Parole et Langage (CNRS). Her area of research is mostly conversational humor she analyzes within Interactional Linguistics and Conversation Analysis frameworks. She has published on (failed) humor, self-deprecating humor and teasing in conversation. More recently, her work is mainly focused on conversational humor and multimodality.<\/p>\n","protected":false},"excerpt":{"rendered":"<div class=\"slide-text-bg2\"><span>B\u00e9atrice Priego-Valverde T\u00edtulo: The role of smile in negotiating failed conversational humor Biodata: B\u00e9atrice Priego-Valverde is Associate Professor a<\/span><\/div>\n<div class=\"slide-btn-area-sm\"><a href=\"https:\/\/griale.dfelg.ua.es\/cihv2024\/beatrice-priego-valverde-es\/\" class=\"slide-btn-sm\">Leer m\u00e1s<\/a><\/div>\n","protected":false},"author":1,"featured_media":0,"parent":0,"menu_order":0,"comment_status":"closed","ping_status":"closed","template":"","meta":{"footnotes":""},"class_list":["post-307","page","type-page","status-publish","hentry"],"_links":{"self":[{"href":"https:\/\/griale.dfelg.ua.es\/cihv2024\/wp-json\/wp\/v2\/pages\/307","targetHints":{"allow":["GET"]}}],"collection":[{"href":"https:\/\/griale.dfelg.ua.es\/cihv2024\/wp-json\/wp\/v2\/pages"}],"about":[{"href":"https:\/\/griale.dfelg.ua.es\/cihv2024\/wp-json\/wp\/v2\/types\/page"}],"author":[{"embeddable":true,"href":"https:\/\/griale.dfelg.ua.es\/cihv2024\/wp-json\/wp\/v2\/users\/1"}],"replies":[{"embeddable":true,"href":"https:\/\/griale.dfelg.ua.es\/cihv2024\/wp-json\/wp\/v2\/comments?post=307"}],"version-history":[{"count":4,"href":"https:\/\/griale.dfelg.ua.es\/cihv2024\/wp-json\/wp\/v2\/pages\/307\/revisions"}],"predecessor-version":[{"id":321,"href":"https:\/\/griale.dfelg.ua.es\/cihv2024\/wp-json\/wp\/v2\/pages\/307\/revisions\/321"}],"wp:attachment":[{"href":"https:\/\/griale.dfelg.ua.es\/cihv2024\/wp-json\/wp\/v2\/media?parent=307"}],"curies":[{"name":"wp","href":"https:\/\/api.w.org\/{rel}","templated":true}]}}