{"id":31,"date":"2023-10-23T12:07:43","date_gmt":"2023-10-23T10:07:43","guid":{"rendered":"https:\/\/griale.dfelg.ua.es\/cihv2024\/?page_id=31"},"modified":"2024-05-30T09:20:18","modified_gmt":"2024-05-30T07:20:18","slug":"inscripcion","status":"publish","type":"page","link":"https:\/\/griale.dfelg.ua.es\/cihv2024\/inscripcion\/","title":{"rendered":"Inscripci\u00f3n"},"content":{"rendered":"<h3><strong>PROCESO DE INSCRIPCI\u00d3N<\/strong><\/h3>\n<p><strong>1.<\/strong> Para efectuar la inscripci\u00f3n debidamente, primero deber\u00e1 obtener el recibo de pago a trav\u00e9s del siguiente\u00a0<a href=\"https:\/\/cvnet.cpd.ua.es\/uaPagos2\/PagarRecibo\/Recibo?idioma=es\" target=\"_blank\" rel=\"noopener\"><strong>enlace<\/strong><\/a><\/p>\n<p>Una vez obtenga el recibo de pago deber\u00e1 guardar su N\u00daMERO DE REFERENCIA que aparecer\u00e1 en <strong style=\"color: red;\">rojo<\/strong> en su pantalla. (Este n\u00famero lo tendr\u00e1 que indicar en el formulario de inscripci\u00f3n.)<\/p>\n<p><strong>2.<\/strong> Para abonar el pago de la inscripci\u00f3n puede hacerlo con <strong>tarjeta<\/strong> o <strong>bizum<\/strong> directamente a trav\u00e9s de la misma plataforma que le generar\u00e1 el recibo del pago. Si prefiere realizar el pago por <strong>transferencia<\/strong>, podr\u00e1 encontrar toda la informaci\u00f3n sobre la cuenta bancaria pertinente m\u00e1s abajo. Tras obtener un justificante de pago, podr\u00e1 inscribirse a trav\u00e9s del siguiente <strong><a href=\"https:\/\/forms.gle\/xCjoLCQZsqJZu4dg8\" target=\"_blank\" rel=\"noopener\">formulario<\/a><\/strong>.<\/p>\n<p><strong>Importante: deber\u00e1 cumplimentar el formulario y adjuntar el justificante del pago para que su inscripci\u00f3n sea v\u00e1lida. Si es estudiante deber\u00e1 subir tambi\u00e9n la copia de la matr\u00edcula del curso.<\/strong><\/p>\n<p><strong>*CUENTA PARA PAGOS A TRAV\u00c9S DE TRANSFERENCIA BANCARIA<\/strong><\/p>\n<p>Nombre del banco: BANCO DE SABADELL, S.A.<br \/>\nIBAN: ES76 0081-3191-43-0001030312<br \/>\nSWIFT\/BIC: BSABESBBXXX<br \/>\nTitular: Universidad de Alicante (n\u00famero de ID. Q0332001G)<br \/>\n<strong>Concepto: APELLIDO(S), NOMBRE. CIHV2024<\/strong><\/p>\n<p><strong>**Importante: el concepto de la transferencia debe ser correctamente indicado para que se pueda realizar el comprobante de pago.<\/strong><\/p>\n<p>&nbsp;<\/p>\n<h3><strong>CUOTAS DE INSCRIPCI\u00d3N<\/strong><\/h3>\n<p>La cuota de inscripci\u00f3n incluye la asistencia y la participaci\u00f3n en el congreso, as\u00ed como el material del congresista y las pausas para el caf\u00e9.<\/p>\n<p>Si desea asistir a la cena de gala, deber\u00e1 abonar en efectivo la cantidad de 50 euros en el momento de retirar su acreditaci\u00f3n en la mesa de recepci\u00f3n.<\/p>\n<p>Puede consultar m\u00e1s informaci\u00f3n sobre la cena de gala en el <a href=\"https:\/\/griale.dfelg.ua.es\/cihv2024\/masinformacion\/#cena-de-gala\">siguiente enlace<\/a>.<\/p>\n<p>&nbsp;<\/p>\n<h4><strong>INSCRIPCI\u00d3N COMUNICANTES<\/strong><\/h4>\n<p><strong>\u00a0<\/strong><u>Pago realizado hasta el 31 de julio de 2024<\/u><\/p>\n<p>&#8211; Cuota de inscripci\u00f3n para comunicantes: 160 \u20ac<\/p>\n<p>&#8211; Cuota de inscripci\u00f3n para comunicantes que son estudiantes (debe enviar copia de matr\u00edcula junto a la copia del ingreso): 100 \u20ac<\/p>\n<p><u>Pago realizado despu\u00e9s del 31 de julio de 2024<\/u><\/p>\n<p>&#8211; Cuota de inscripci\u00f3n para comunicantes: 180 \u20ac<\/p>\n<p>&#8211; Cuota de inscripci\u00f3n para comunicantes que son estudiantes: 120 \u20ac<\/p>\n<p>&nbsp;<\/p>\n<h4><strong>INSCRIPCI\u00d3N ASISTENTES<\/strong><\/h4>\n<p><strong>\u00a0<\/strong><u>Pago realizado hasta el 31 de julio de 2024 <\/u><\/p>\n<p>-Asistentes: 40\u20ac<\/p>\n<p>-Asistentes de la UA: 20\u20ac<\/p>\n<p><u>Pago realizado despu\u00e9s del 31 de julio de 2024<\/u><\/p>\n<p>-Asistentes: 50\u20ac<\/p>\n<p>-Asistentes de la UA: 20\u20ac<\/p>\n<p>&nbsp;<\/p>\n<h3><strong>PROGRAMA SOCIAL<\/strong><\/h3>\n<p>La organizaci\u00f3n del congreso est\u00e1 preparando el programa social: cena del congreso.<\/p>\n<p>&nbsp;<\/p>\n","protected":false},"excerpt":{"rendered":"<div class=\"slide-text-bg2\"><span>PROCESO DE INSCRIPCI\u00d3N 1. Para efectuar la inscripci\u00f3n debidamente, primero deber\u00e1 obtener el recibo de pago a trav\u00e9s del siguiente\u00a0enlace Una vez obt<\/span><\/div>\n<div class=\"slide-btn-area-sm\"><a href=\"https:\/\/griale.dfelg.ua.es\/cihv2024\/inscripcion\/\" class=\"slide-btn-sm\">Leer m\u00e1s<\/a><\/div>\n","protected":false},"author":1,"featured_media":0,"parent":0,"menu_order":0,"comment_status":"closed","ping_status":"closed","template":"","meta":{"footnotes":""},"class_list":["post-31","page","type-page","status-publish","hentry"],"_links":{"self":[{"href":"https:\/\/griale.dfelg.ua.es\/cihv2024\/wp-json\/wp\/v2\/pages\/31","targetHints":{"allow":["GET"]}}],"collection":[{"href":"https:\/\/griale.dfelg.ua.es\/cihv2024\/wp-json\/wp\/v2\/pages"}],"about":[{"href":"https:\/\/griale.dfelg.ua.es\/cihv2024\/wp-json\/wp\/v2\/types\/page"}],"author":[{"embeddable":true,"href":"https:\/\/griale.dfelg.ua.es\/cihv2024\/wp-json\/wp\/v2\/users\/1"}],"replies":[{"embeddable":true,"href":"https:\/\/griale.dfelg.ua.es\/cihv2024\/wp-json\/wp\/v2\/comments?post=31"}],"version-history":[{"count":10,"href":"https:\/\/griale.dfelg.ua.es\/cihv2024\/wp-json\/wp\/v2\/pages\/31\/revisions"}],"predecessor-version":[{"id":453,"href":"https:\/\/griale.dfelg.ua.es\/cihv2024\/wp-json\/wp\/v2\/pages\/31\/revisions\/453"}],"wp:attachment":[{"href":"https:\/\/griale.dfelg.ua.es\/cihv2024\/wp-json\/wp\/v2\/media?parent=31"}],"curies":[{"name":"wp","href":"https:\/\/api.w.org\/{rel}","templated":true}]}}