{"id":311,"date":"2024-03-06T12:57:58","date_gmt":"2024-03-06T11:57:58","guid":{"rendered":"https:\/\/griale.dfelg.ua.es\/cihv2024\/?page_id=311"},"modified":"2024-03-06T12:58:12","modified_gmt":"2024-03-06T11:58:12","slug":"geert-brone-es","status":"publish","type":"page","link":"https:\/\/griale.dfelg.ua.es\/cihv2024\/geert-brone-es\/","title":{"rendered":"Geert Br\u00f4ne"},"content":{"rendered":"<p><strong>Geert Br\u00f4ne<\/strong><\/p>\n<p><strong>T\u00edtulo:<\/strong> Humour and embodied stance in interaction<\/p>\n<p><strong>Biodata:<\/strong> Geert Br\u00f4ne is professor of German and general linguistics at Linguistics Department of KU Leuven (Belgium). He is a member of the MIDI Research Group (\u2018Multimodality, Interaction &amp; Discourse\u2019), which studies the relationship between verbal and nonverbal resources (such as gesture, gaze and facial expressions) from different theoretical and methodological angles. Ever since his PhD project, in which he developed a cognitive-semantic account of irony and sarcasm in interaction, he has had a keen interest in exploring frameworks and methods for the multimodal analysis of humour in different types of interaction. Over the past 10 years, an important methodological focus of his research has been the development of mobile eye-tracking technology as a tool for multimodal interaction analysis. These systems allow for the fine-grained recording of participants\u2019 gaze behavior while engaged in face-to-face interaction, opening up a whole new field of research possibilities in different (neighboring) fields. In his plenary talk, Geert Br\u00f4ne will present the results of ongoing research that explores the relationship between gaze and other embodied resources in the expression of interpersonal stance in interaction, which is generally considered to be an important driving force for humour.<\/p>\n","protected":false},"excerpt":{"rendered":"<div class=\"slide-text-bg2\"><span>Geert Br\u00f4ne T\u00edtulo: Humour and embodied stance in interaction Biodata: Geert Br\u00f4ne is professor of German and general linguistics at Linguistics Departm<\/span><\/div>\n<div class=\"slide-btn-area-sm\"><a href=\"https:\/\/griale.dfelg.ua.es\/cihv2024\/geert-brone-es\/\" class=\"slide-btn-sm\">Leer m\u00e1s<\/a><\/div>\n","protected":false},"author":1,"featured_media":0,"parent":0,"menu_order":0,"comment_status":"closed","ping_status":"closed","template":"","meta":{"footnotes":""},"class_list":["post-311","page","type-page","status-publish","hentry"],"_links":{"self":[{"href":"https:\/\/griale.dfelg.ua.es\/cihv2024\/wp-json\/wp\/v2\/pages\/311","targetHints":{"allow":["GET"]}}],"collection":[{"href":"https:\/\/griale.dfelg.ua.es\/cihv2024\/wp-json\/wp\/v2\/pages"}],"about":[{"href":"https:\/\/griale.dfelg.ua.es\/cihv2024\/wp-json\/wp\/v2\/types\/page"}],"author":[{"embeddable":true,"href":"https:\/\/griale.dfelg.ua.es\/cihv2024\/wp-json\/wp\/v2\/users\/1"}],"replies":[{"embeddable":true,"href":"https:\/\/griale.dfelg.ua.es\/cihv2024\/wp-json\/wp\/v2\/comments?post=311"}],"version-history":[{"count":1,"href":"https:\/\/griale.dfelg.ua.es\/cihv2024\/wp-json\/wp\/v2\/pages\/311\/revisions"}],"predecessor-version":[{"id":312,"href":"https:\/\/griale.dfelg.ua.es\/cihv2024\/wp-json\/wp\/v2\/pages\/311\/revisions\/312"}],"wp:attachment":[{"href":"https:\/\/griale.dfelg.ua.es\/cihv2024\/wp-json\/wp\/v2\/media?parent=311"}],"curies":[{"name":"wp","href":"https:\/\/api.w.org\/{rel}","templated":true}]}}