{"id":409,"date":"2024-05-26T16:55:18","date_gmt":"2024-05-26T14:55:18","guid":{"rendered":"https:\/\/griale.dfelg.ua.es\/cihv2024\/?page_id=409"},"modified":"2024-05-26T16:55:18","modified_gmt":"2024-05-26T14:55:18","slug":"comites-2","status":"publish","type":"page","link":"https:\/\/griale.dfelg.ua.es\/cihv2024\/va\/comites-2\/","title":{"rendered":"Comit\u00e8s"},"content":{"rendered":"<h2>COMIT\u00c8 ORGANITZADOR<\/h2>\n<h3>Direcci\u00f3:<\/h3>\n<p>Leonor Ruiz Gurillo (Universitat d&#8217;Alacant)<\/p>\n<p>Esther Linares Bernab\u00e9u (Universitat de Val\u00e8ncia)<\/p>\n<p>&nbsp;<\/p>\n<h3>Secretaria:<\/h3>\n<p>Jose Antonio Ortega Gilabert (Universitat d&#8217;Alacant)<\/p>\n<p>Anastasia Khaylina (Universitat d&#8217;Alacant)<\/p>\n<p>&nbsp;<\/p>\n<h3>Vocalia:<\/h3>\n<p>Larissa Timofeeva Timofeev (Universitat d&#8217;Alacant)<\/p>\n<p>Mar\u00eda Bel\u00e9n Alvarado Ortega (Universitat d&#8217;Alacant)<\/p>\n<p>Jos\u00e9 Joaqu\u00edn Mart\u00ednez Egido (Universitat d&#8217;Alacant)<\/p>\n<p>Francisco Yus (Universitat d&#8217;Alacant)<\/p>\n<p>G. Angela Mura (Universitat d&#8217;Alacant)<\/p>\n<p>Laura Aliaga Aguza (Universitat Isabel I)<\/p>\n<p>Alicia Merino Gonz\u00e1lez (Universitat d&#8217;Alacant)<\/p>\n<p>Carmen Marim\u00f3n Llorca (Universitat d&#8217;Alacant)<\/p>\n<p>Jorge Fern\u00e1ndez Ja\u00e9n (Universitat d&#8217;Alacant)<\/p>\n<p>Ruth Lavale Ortiz (Universitat d&#8217;Alacant)<\/p>\n<p>Susana Rodr\u00edguez Rosique (Universitat d&#8217;Alacant)<\/p>\n<p>Juan Luis Jim\u00e9nez Ruiz (Universitat d&#8217;Alacant)<\/p>\n<p>Chelo Vargas (Universitat d&#8217;Alacant)<\/p>\n<p>Elvira Manero Richard (Universitat de M\u00farcia)<\/p>\n<p>Ana Mancera Rueda (Universitat de Sevilla)<\/p>\n<p>Gloria Ucl\u00e9s Ramada (Universitat d&#8217;Alacant)<\/p>\n<p>&nbsp;<\/p>\n<h2>COMIT\u00c8 CIENT\u00cdFIC<\/h2>\n<p>Salvatore Attardo (Texas A&amp;M University\u2013Commerce, els Estats Units)<\/p>\n<p>D\u00e8lia Chiaro (Universitat de Bolonya, It\u00e0lia)<\/p>\n<p>Neal R. Norrick (Universitat del Sarre, Alemanya)<\/p>\n<p>Helga Kotthoff (Universitat de Friburg, Alemanya)<\/p>\n<p>Jef Verschueren (Universitat d&#8217;Anvers, B\u00e8lgica)<\/p>\n<p>B\u00e9atrice Priego-Valverde (Universitat d&#8217;Aix-Marsella, Fran\u00e7a)<\/p>\n<p>W\u0142adys\u0142aw Ch\u0142opicki (Universitat Jaguel\u00f3nica, Pol\u00f2nia)<\/p>\n<p>Michael Haugh (Universitat de Queensland, Austr\u00e0lia)<\/p>\n<p>Manuel Padilla (Universitat de Sevilla, Espanya)<\/p>\n<p>Ana Pano Alam\u00e1n (Universitat de Bolonya, It\u00e0lia)<\/p>\n<p>Laura Alba (UNED, Espanya)<\/p>\n<p>Jonathan Culpeper (Universitat de Lancaster, Regne Unit)<\/p>\n<p>Villy Tsakona (Universitat d&#8217;Atenes, Gr\u00e8cia)<\/p>\n<p>Marta Albelda Marco (Universitat de Val\u00e8ncia, Espanya)<\/p>\n<p>Antonio Briz G\u00f3mez (Universitat de Val\u00e8ncia, Espanya)<\/p>\n<p>Francisco Chico Rico (Universitat d&#8217;Alacant, Espanya)<\/p>\n<p>Antonio Hidalgo Navarro (Universitat de Val\u00e8ncia, Espanya)<\/p>\n<p>Salvador Pons Border\u00eda (Universitat de Val\u00e8ncia, Espanya)<\/p>\n<p>Mar\u00eda Estell\u00e9s Arguedas (Universitat de Val\u00e8ncia, Espanya)<\/p>\n<p>Juan Antonio R\u00edos Carratal\u00e1 (Universitat de Val\u00e8ncia, Espanya)<\/p>\n<p>Mar\u00eda Simarro (Universitat de Burgos, Espanya)<\/p>\n<p>&nbsp;<\/p>\n","protected":false},"excerpt":{"rendered":"<div class=\"slide-text-bg2\"><span>COMIT\u00c8 ORGANITZADOR Direcci\u00f3: Leonor Ruiz Gurillo (Universitat d&#8217;Alacant) Esther Linares Bernab\u00e9u (Universitat de Val\u00e8ncia) &nbsp; Secretaria: Jo<\/span><\/div>\n<div class=\"slide-btn-area-sm\"><a href=\"https:\/\/griale.dfelg.ua.es\/cihv2024\/va\/comites-2\/\" class=\"slide-btn-sm\">Leer m\u00e1s<\/a><\/div>\n","protected":false},"author":1,"featured_media":0,"parent":0,"menu_order":0,"comment_status":"closed","ping_status":"closed","template":"","meta":{"footnotes":""},"class_list":["post-409","page","type-page","status-publish","hentry"],"_links":{"self":[{"href":"https:\/\/griale.dfelg.ua.es\/cihv2024\/wp-json\/wp\/v2\/pages\/409","targetHints":{"allow":["GET"]}}],"collection":[{"href":"https:\/\/griale.dfelg.ua.es\/cihv2024\/wp-json\/wp\/v2\/pages"}],"about":[{"href":"https:\/\/griale.dfelg.ua.es\/cihv2024\/wp-json\/wp\/v2\/types\/page"}],"author":[{"embeddable":true,"href":"https:\/\/griale.dfelg.ua.es\/cihv2024\/wp-json\/wp\/v2\/users\/1"}],"replies":[{"embeddable":true,"href":"https:\/\/griale.dfelg.ua.es\/cihv2024\/wp-json\/wp\/v2\/comments?post=409"}],"version-history":[{"count":2,"href":"https:\/\/griale.dfelg.ua.es\/cihv2024\/wp-json\/wp\/v2\/pages\/409\/revisions"}],"predecessor-version":[{"id":411,"href":"https:\/\/griale.dfelg.ua.es\/cihv2024\/wp-json\/wp\/v2\/pages\/409\/revisions\/411"}],"wp:attachment":[{"href":"https:\/\/griale.dfelg.ua.es\/cihv2024\/wp-json\/wp\/v2\/media?parent=409"}],"curies":[{"name":"wp","href":"https:\/\/api.w.org\/{rel}","templated":true}]}}